ainder when 2286 is divided by 12.
6
Calculate the remainder when 636 is divided by 85.
41
What is the remainder when 63 is divided by 27?
9
What is the remainder when 416 is divided by 88?
64
Calculate the remainder when 409 is divided by 15.
4
Calculate the remainder when 475 is divided by 51.
16
What is the remainder when 30 is divided by 23?
7
What is the remainder when 169 is divided by 106?
63
What is the remainder when 1090 is divided by 46?
32
Calculate the remainder when 660 is divided by 280.
100
What is the remainder when 1268 is divided by 106?
102
Calculate the remainder when 765 is divided by 16.
13
Calculate the remainder when 699 is divided by 167.
31
What is the remainder when 91 is divided by 20?
11
Calculate the remainder when 367 is divided by 74.
71
Calculate the remainder when 288 is divided by 58.
56
What is the remainder when 1119 is divided by 17?
14
What is the remainder when 73 is divided by 28?
17
What is the remainder when 1028 is divided by 142?
34
Calculate the remainder when 280 is divided by 22.
16
What is the remainder when 98275 is divided by 311?
310
What is the remainder when 772 is divided by 111?
106
Calculate the remainder when 216 is divided by 132.
84
What is the remainder when 683 is divided by 86?
81
Calculate the remainder when 22 is divided by 6.
4
What is the remainder when 1648 is divided by 110?
108
What is the remainder when 150 is divided by 101?
49
What is the remainder when 511 is divided by 35?
21
What is the remainder when 181 is divided by 49?
34
What is the remainder when 85 is divided by 20?
5
Calculate the remainder when 1875 is divided by 118.
105
What is the remainder when 417 is divided by 14?
11
Calculate the remainder when 73 is divided by 35.
3
Calculate the remainder when 64 is divided by 12.
4
Calculate the remainder when 1747 is divided by 131.
44
What is the remainder when 646 is divided by 638?
8
What is the remainder when 279 is divided by 97?
85
What is the remainder when 186 is divided by 21?
18
What is the remainder when 2372 is divided by 29?
23
What is the remainder when 2161 is divided by 19?
14
Calculate the remainder when 4461 is divided by 62.
59
What is the remainder when 44 is divided by 2?
0
Calculate the remainder when 151 is divided by 56.
39
What is the remainder when 388 is divided by 7?
3
Calculate the remainder when 289 is divided by 73.
70
Calculate the remainder when 108 is divided by 99.
9
Calculate the remainder when 2307 is divided by 21.
18
What is the remainder when 53 is divided by 22?
9
Calculate the remainder when 162 is divided by 56.
50
Calculate the remainder when 34 is divided by 21.
13
What is the remainder when 100 is divided by 21?
16
Calculate the remainder when 122 is divided by 41.
40
What is the remainder when 70 is divided by 16?
6
What is the remainder when 12 is divided by 10?
2
What is the remainder when 356 is divided by 33?
26
Calculate the remainder when 755 is divided by 149.
10
What is the remainder when 20 is divided by 7?
6
What is the remainder when 127 is divided by 75?
52
Calculate the remainder when 171 is divided by 149.
22
What is the remainder when 303 is divided by 61?
59
Calculate the remainder when 271 is divided by 105.
61
What is the remainder when 1818 is divided by 573?
99
What is the remainder when 607 is divided by 132?
79
Calculate the remainder when 403 is divided by 103.
94
Calculate the remainder when 303 is divided by 121.
61
Calculate the remainder when 1355 is divided by 80.
75
What is the remainder when 93 is divided by 79?
14
What is the remainder when 1079 is divided by 5?
4
Calculate the remainder when 517 is divided by 65.
62
Calculate the remainder when 1183 is divided by 40.
23
What is the remainder when 44 is divided by 15?
14
Calculate the remainder when 448 is divided by 90.
88
Calculate the remainder when 737 is divided by 735.
2
Calculate the remainder when 1115 is divided by 45.
35
What is the remainder when 1003 is divided by 206?
179
Calculate the remainder when 4722 is divided by 27.
24
Calculate the remainder when 1487 is divided by 39.
5
What is the remainder when 93 is divided by 12?
9
Calculate the remainder when 75 is divided by 29.
17
What is the remainder when 291 is divided by 19?
6
What is the remainder when 416 is divided by 38?
36
What is the remainder when 46 is divided by 13?
7
Calculate the remainder when 211 is divided by 67.
10
What is the remainder when 1427 is divided by 207?
185
Calculate the remainder when 43 is divided by 34.
9
What is the remainder when 65 is divided by 8?
1
What is the remainder when 270 is divided by 84?
18
What is the remainder when 2055 is divided by 28?
11
Calculate the remainder when 970 is divided by 11.
2
Calculate the remainder when 371 is divided by 95.
86
What is the remainder when 361 is divided by 66?
31
What is the remainder when 327 is divided by 15?
12
Calculate the remainder when 98 is divided by 15.
8
What is the remainder when 108 is divided by 56?
52
Calculate the remainder when 12083 is divided by 57.
56
What is the remainder when 13157 is divided by 20?
17
What is the remainder when 666 is divided by 295?
76
Calculate the remainder when 493 is divided by 26.
25
Calculate the remainder when 6479 is divided by 45.
44
What is the remainder when 232 is divided by 78?
76
What is the remainder when 387 is divided by 28?
23
What is the remainder when 48 is divided by 4?
0
Calculate the remainder when 2241 is divided by 558.
9
What is the remainder when 62 is divided by 40?
22
Calculate the remainder when 268 is divided by 23.
15
What is the remainder when 12 is divided by 12?
0
What is the remainder when 310 is divided by 81?
67
What is the remainder when 178 is divided by 45?
43
Calculate the remainder when 1161 is divided by 116.
1
Calculate the remainder when 151 is divided by 7.
4
What is the remainder when 63 is divided by 49?
14
What is the remainder when 394 is divided by 131?
1
What is the remainder when 257 is divided by 55?
37
Calculate the remainder when 1124 is divided by 97.
57
What is the remainder when 1296 is divided by 482?
332
Calculate the remainder when 113 is divided by 5.
3
Calculate the remainder when 507 is divided by 250.
7
What is the remainder when 38 is divided by 5?
3
Calculate the remainder when 51 is divided by 6.
3
What is the remainder when 245 is divided by 7?
0
What is the remainder when 85 is divided by 45?
40
Calculate the remainder when 10499 is divided by 30.
29
Calculate the remainder when 407 is divided by 26.
17
What is the remainder when 124 is divided by 3?
1
Calculate the remainder when 18 is divided by 5.
3
What is the remainder when 11 is divided by 3?
2
What is the remainder when 692 is divided by 215?
47
What is the remainder when 4373 is divided by 29?
23
Calculate the remainder when 1994 is divided by 991.
12
What is the remainder when 593 is divided by 23?
18
Calculate the remainder when 54 is divided by 6.
0
Calculate the remainder when 361 is divided by 20.
1
What is the remainder when 286 is divided by 17?
14
Calculate the remainder when 14 is divided by 1.
0
Calculate the remainder when 14379 is divided by 20.
19
What is the remainder when 4714 is divided by 27?
16
Calculate the remainder when 1326 is divided by 35.
31
Calculate the remainder when 107 is divided by 11.
8
Calculate the remainder when 49 is divided by 19.
11
What is the remainder when 100 is divided by 17?
15
What is the remainder when 4572 is divided by 75?
72
Calculate the remainder when 221 is divided by 15.
11
Calculate the remainder when 16197 is divided by 216.
213
Calculate the remainder when 417 is divided by 156.
105
Calculate the remainder when 1713 is divided by 489.
246
Calculate the remainder when 60 is divided by 21.
18
What is the remainder when 687 is divided by 189?
120
Calculate the remainder when 274 is divided by 93.
88
What is the remainder when 121 is divided by 6?
1
What is the remainder when 398 is divided by 63?
20
Calculate the remainder when 478 is divided by 121.
115
What is the remainder when 442 is divided by 32?
26
What is the remainder when 3041 is divided by 24?
17
What is the remainder when 7469 is divided by 241?
239
Calculate the remainder when 131 is divided by 34.
29
What